 common divisor of a and q.
17
Suppose 21*k - 741 = -531. Let b = -115 + 120. Calculate the highest common factor of b and k.
5
Let i be (-1 - 23)/((-6)/4). Let s(l) = 23 - 562*l + l**2 + 0*l**2 + 546*l. Let d be s(i). Calculate the highest common factor of d and 92.
23
Let o(r) = -r + 59. Let v be o(-16). Calculate the greatest common factor of 40 and v.
5
Let y = -8 + 6. Let k(x) = -4*x - 2. Let a be k(y). Suppose -11 - 51 = -34*b + 6. What is the highest common divisor of a and b?
2
Let k(q) = -q**2 + 27*q + 16. Let r be k(22). Let t = r - 56. What is the highest common divisor of t and 28?
14
Suppose 44*p - 18651 = 38*p + 33453. What is the greatest common factor of 52 and p?
52
Let h be (33 - (-4030)/(-93))*(-1)/(2/84). What is the highest common divisor of 310 and h?
62
Let m = -53274 + 53397. Let i = 563 + -399. Calculate the highest common factor of i and m.
41
Suppose -14*a + 13*a = -5. Suppose -a*w = 13 - 38. Suppose 35 = u - 3*t, u - w = -0*t - 3*t. What is the greatest common factor of u and 160?
20
Let o = 5607 + -4857. Calculate the greatest common divisor of 900 and o.
150
Let j = 301 - 181. Let y be ((-52)/8 - 1)*-2*1. Calculate the highest common divisor of j and y.
15
Suppose 0 = -27*y + 18*y + 135. Calculate the greatest common factor of 40 and y.
5
Suppose 0 = j - 8475 - 1507 + 1060. What is the highest common factor of 6 and j?
6
Suppose 0 = -s + 3*u + 16 + 5, -5*s - u = -105. Let g = 397 + -376. Calculate the highest common factor of s and g.
21
Let g(c) = -328*c - 51. Let j be g(2). Let s = j - -1295. Calculate the highest common factor of s and 98.
98
Suppose -3*d - 15 = 2*s, 4*d = -s + 5*s + 20. Let w be (s + 39/6)*102. Calculate the highest common factor of w and 102.
51
Suppose 45 + 725 = -14*c. Let u be (-18)/5*(-6)/((-12)/c). What is the greatest common factor of u and 11?
11
Let t(c) = 274*c - 2183. Let n be t(8). Calculate the greatest common factor of n and 9.
9
Let t(z) = 102*z**3 + 33*z**2 - 96*z - 3. Let j be t(5). Calculate the greatest common divisor of j and 4.
4
Suppose 8 = -2*f, -4*q + 3*f + 81 = -31. Suppose 3*y - q - 22 = 5*t, -17 = -y + 3*t. What is the highest common factor of y and 98?
14
Suppose -138*v + 148*v - 180 = 0. Suppose 620 + v = 11*m. Calculate the greatest common divisor of 725 and m.
29
Suppose 4*n - 3*n = -20. Let s be 34 - ((-55)/n + 1/4). Let m = -22 + s. Calculate the greatest common factor of 99 and m.
9
Let h be (-2)/7 + (-3)/294*-61082. Calculate the highest common factor of h and 3293.
89
Let x(h) = -404*h**3 - 19*h**2 - 21*h - 1. Let n be x(-1). Calculate the highest common divisor of n and 243.
81
Let u = 14368 - 14134. Calculate the greatest common divisor of 12051 and u.
117
Let a(b) = 133*b + 818. Let s be a(-6). Calculate the highest common factor of s and 1250.
10
Suppose 5*d + 46 = -2*g, 3*d = 99*g - 95*g + 118. Let s(j) = 13*j + 388. Let x be s(g). What is the highest common factor of x and 192?
24
Let v(m) = -m**2 + 5*m - 8. Let a be v(4). Let j be (-14 - -9) + (-76)/a. What is the greatest common factor of j and 12?
2
Let t be -9 + 1 - -1 - (-43 - -6). What is the highest common factor of t and 8166?
6
Let p = -13600 - -14230. Calculate the highest common factor of 567 and p.
63
Let n be 5 - (9/3)/(-3). Let t be (-125)/(-15) + n/9. Let y(p) = -p**2 + 10*p - 3. Let l be y(t). Calculate the highest common factor of 6 and l.
6
Let t be (-501)/2171 - 12486/(-26). What is the highest common divisor of t and 544?
32
Let g = -4 + 19. Suppose 6*d + g = 11*d. Let l(s) = -s**2 + 27. Let a be l(0). What is the highest common divisor of a and d?
3
Let i = -4208 + 4214. Suppose -198 = -b - 2*b. What is the highest common divisor of b and i?
6
Let c = -9 - -19. Suppose 17 = -3*y - 1. Let f be 59/4 + (-2)/48*y. What is the greatest common factor of f and c?
5
Let j(w) be the second derivative of w**4/4 + 13*w**3/6 + 2*w**2 - 251*w. Let o be j(11). What is the greatest common factor of 60 and o?
30
Let l be ((-3)/18*-2)/((-1)/(-15)). Suppose s - 26 = -3*y, -y + l*s - 4 = -2. Calculate the greatest common factor of y and 32.
8
Let o = -13690 - -27415. Calculate the greatest common factor of o and 450.
225
Suppose 0 = 3*x - 3*l + 4*l - 6, 2*x + 4*l = 14. Let q be -614*x/(-11) + (-74)/(-407). Calculate the highest common divisor of 8 and q.
8
Suppose 8*x + 13*q - 16*q = 65, 0 = 2*x + 4*q - 2. What is the highest common divisor of 3 and x?
1
Suppose 0 = -26*y + 23*y + 264. Let s = 2 + 20. Suppose -2*f - 6 = -s. Calculate the highest common factor of y and f.
8
Let x be 8*(-5 + 132/8). Suppose -2444 = -94*c + x*c. Let l be (-8)/6 + c/39. What is the greatest common divisor of 12 and l?
6
Suppose 11*m = -4*n + 1412, 17*n = -3*m + 20*n + 381. What is the greatest common divisor of 12 and m?
4
Suppose -1950 = -2*f + 2*q, -3*f + 2931 = 29*q - 34*q. What is the highest common factor of 84 and f?
12
Suppose -3*u = 2*u - 10. Let q(l) = 50*l. Let c be q(u). Suppose 0 = 6*w - s - 101 - 153, -w = -2*s - 68. Calculate the highest common factor of w and c.
20
Suppose 145 = 234*f - 9253 - 6046. Calculate the greatest common divisor of f and 5247.
33
Let x be 1*(-15)/60*-60. What is the greatest common factor of x and 555?
15
Suppose -r + 446 - 54 = 4*s, -5*r - 5*s = -1870. Calculate the greatest common factor of 192 and r.
16
Let c be 0/2 + (15/3 - 1). Suppose -c*w + 32 = 16. Suppose p - 3 = -t + 3, 39 = w*t - p. What is the greatest common divisor of t and 3?
3
Suppose -4*c - 313 = 4*m - 825, -2*c = 5*m - 235. What is the highest common divisor of c and 125?
5
Let i(x) = -x**3 + 6*x**2 + 9*x - 1. Let u be i(7). Suppose 8243 - 1847 = 12*n. Calculate the highest common factor of u and n.
13
Suppose -w + 36 = 8*w. Suppose -a + 4 + w = 0. Suppose 2*v = a, v + 4*v + 25 = 5*s. Calculate the greatest common factor of s and 117.
9
Suppose -2*x - 3*x - 40 = -5*c, x - 32 = -4*c. Let d = -300 + 676. Calculate the greatest common divisor of d and c.
8
Suppose -13*h + 10 = -55. Suppose 92 = 2*b + 3*w, 0 = h*w + 5 + 5. What is the highest common divisor of 196 and b?
49
Let c = 4090 + -2986. What is the greatest common factor of 144 and c?
48
Let a = -29 - -33. Suppose 0 = o + h + 4, -7*o + 8*o - 3*h + 8 = 0. Let j be 2/5 - 2/o*4. What is the greatest common factor of j and a?
2
Suppose -4*a - 78 = -2*c, -402*c + 400*c + a = -72. What is the greatest common factor of c and 1085?
35
Suppose -5*q = -7*q + 276. Suppose 0 = -0*a + 3*a - q. Let r = 55 - a. What is the greatest common factor of 45 and r?
9
Let l(j) = 7*j**2 + 11*j + 3. Suppose -9 + 63 = -18*p. Let d be l(p). What is the greatest common divisor of 66 and d?
33
Let c be (-1 + -1 - -3)*195. Calculate the highest common divisor of 405 and c.
15
Let z be (-84)/9*(-297)/(-18). Let i be 12/(z/(-147) + (-2)/(-7)). What is the greatest common divisor of 3 and i?
3
Let k = -36 + 38. Let o(f) = f**3 - 11*f**2 - 12*f + 14. Let a be (-2)/(4*(-3)/(-144)*-2). Let d be o(a). What is the greatest common factor of d and k?
2
Let o be -227 + (1/2)/(4/(-24)). Let h be 21/(-2)*o/69. What is the highest common divisor of 595 and h?
35
Let g(u) = 5*u**2. Suppose 3*n = 7*n - 8. Let y be g(n). Let z(a) = 402*a + 2954. Let w be z(-7). What is the highest common factor of y and w?
20
Let h(s) = 2*s + 46. Let z = 535 - 548. Let n be h(z). Calculate the greatest common divisor of n and 180.
20
Suppose 15237*k - 1100 = 15232*k. What is the highest common divisor of 352 and k?
44
Let b be 7 - 33/(1 - -10). What is the greatest common factor of 104 and b?
4
Let a = -97 + 93. Let c be 4/56*a - (-6547)/7. What is the highest common factor of c and 85?
85
Suppose -o = -k + 4*o + 866, -3*k + 2558 = -5*o. Suppose -4*t = -5*t + k. What is the highest common divisor of t and 18?
18
Let n be (-12)/(-54) - ((-7832)/72 - 2). Calculate the highest common factor of n and 198.
3
Let n = -150 + 157. Let g be 5*(7/(-5))/(11/(-55)). Calculate the highest common divisor of g and n.
7
Let v = 576 - 586. Let g(y) = 7*y**2 + 7*y - 21. Let q be g(v). What is the highest common divisor of 21 and q?
21
Let o be ((-24)/(-18))/(52/2665) + (-2)/(-3). What is the highest common factor of o and 3887?
23
Let t = -2652 + 2940. What is the highest common factor of t and 396?
36
Let b = 7068 + -6967. Calculate 